{"id":230,"date":"2022-04-19T09:09:05","date_gmt":"2022-04-19T09:09:05","guid":{"rendered":"https:\/\/sab-rezidence.ro\/?page_id=230"},"modified":"2022-04-19T09:09:53","modified_gmt":"2022-04-19T09:09:53","slug":"politica-de-cookies","status":"publish","type":"page","link":"https:\/\/sab-rezidence.ro\/index.php\/politica-de-cookies\/","title":{"rendered":"Politica de cookies"},"content":{"rendered":"<p><strong>POLITICA DE COOKIE-URI<\/strong><\/p>\n<p>Aceast\u0103 notificare pentru cookie-uri se aplic\u0103 la rebel-electro.ro, de\u0163inut \u015fi operat de\u00a0\u00a0<strong>S.C. SABCONS TOTAL S.R.L. <\/strong>\u015fi descrie cum folosim datele personale colectate prin cookie-uri \u015fi alte tehnici care includ pixeli (\u2018Cookie\u2019) pe website-ul nostru\u00a0 \u00a0https:\/\/www.sab-residence.ro \/ https:\/\/www.sab-rezidence.ro \u00a0(\u2018Site\u2019).<\/p>\n<p>C\u00e2nd intra\u0163i pe Site sau vede\u0163i una din reclamele noastre care v\u0103 vizeaz\u0103, colect\u0103m automat date folosind cookie-uri.<\/p>\n<p>Tipurile de informa\u0163ii pe care le colect\u0103m prin cookie-uri includ adresa IP, paginile vizitate, informa\u0163ii despre c\u0103ut\u0103ri, sistemul de operare, furnizorul de servicii de internet, data \u015fi ora, URL \u015fi date despre loca\u0163ie \u00een func\u0163ie de dispozitivul folosit.<\/p>\n<p>Mai multe informa\u0163ii despre cookie-uri: cookie-urile sunt mici informa\u0163ii electronice pe care un website le trimite c\u0103tre browser-ul unui vizitator \u015fi care sunt men\u0163inute \u00een hard drive-ul vizitatorului. Plas\u0103m cookie-uri \u00een computerul dumneavoastr\u0103 dac\u0103 ne vizita\u0163i website-ul. Dac\u0103 v\u0103 \u00eengrijoreaz\u0103 prezen\u0163a cookie-urilor pe dispozitivul dumneavoastr\u0103, v\u0103 pute\u0163i seta browser-ul s\u0103 refuze toate cookie-urile sau s\u0103 indice c\u00e2nd este setat un cookie, permi\u021b\u00e2ndu-v\u0103 s\u0103 v\u0103 hot\u0103r\u00e2\u021bi dac\u0103 vre\u0163i s\u0103 le accepta\u0163i. Pute\u0163i de asemenea s\u0103 \u015fterge\u0163i cookie-urile din dispozitiv. Totu\u015fi, dac\u0103 alege\u0163i s\u0103 bloca\u0163i sau s\u0103 \u015fterge\u0163i cookie-uri, anumite func\u0163ionalit\u0103\u0163i ale website-ului pe care \u00eel vizita\u0163i pot s\u0103 func\u0163ioneze incorect.<\/p>\n<p>Mai multe informa\u0163ii despre etichete cu pixeli: pixelii (cunoscu\u0163i \u015fi ca \u2018web beacon\u2019 sau \u2018clear gif\u2019) sunt fi\u015fiere electronice care constau de obicei din imagini cu un singur pixel care pot fi inserate \u00eentr-o pagin\u0103 web sau \u00eentr-un e-mail pentru a trimite informa\u0163ii precum newsletteruri. Putem s\u0103 folosim un pixel pentru a plasa sau recunoa\u015fte un cookie pe dispozitivul dumneavoastr\u0103, dac\u0103 folosi\u0163i serviciile noastre.<\/p>\n<p>Cookie-uri ter\u0163e p\u0103r\u0163i: permitem unor anumite ter\u0163e p\u0103r\u0163i s\u0103 plaseze cookie-uri. Dac\u0103 ave\u0163i \u00eentreb\u0103ri despre ce cookie-uri sunt folosite \u015fi care ter\u0163e p\u0103r\u0163i plaseaz\u0103 aceste cookie-uri, v\u0103 rug\u0103m s\u0103 ne contacta\u0163i folosind datele de contact de mai jos.<\/p>\n<p><strong>\u00cen scop de procesare<\/strong><\/p>\n<p>Folosim datele dumneavoastr\u0103, inclusiv pe cele personale, colectate prin cookie-uri, \u00een urm\u0103toarele scopuri:<\/p>\n<ul>\n<li>S\u0103 oferim folosirea Site-ului nostru: folosim informa\u0163ii pe care le colect\u0103m prin cookie-uri pentru a v\u0103 permite s\u0103 folosi\u0163i website-ul. Este \u00een interesul nostru legitim de afaceri s\u0103 folosim cookie-uri \u00een acest scop.<\/li>\n<li>S\u0103 analiz\u0103m folosirea serviciilor noastre. Folosim cookie-uri pentru a analiza cum este folosit website-ul nostru \u015fi pentru a preg\u0103ti rapoarte despre uzajul website-ului nostru. Folosim cookie-uri \u015fi pentru a monitoriza cum folosi\u0163i dumneavoastr\u0103 website-ul \u015fi pentru a v\u0103 \u00eembun\u0103t\u0103\u0163i experien\u0163a de utilizator \u015fi calitatea website-ului. Este \u00een interesul nostru legitim de afaceri s\u0103 folosim cookie-uri \u00een acest scopuri.<\/li>\n<li>Oferirea de reclame vizate: Folosim informa\u0163iile pe care le colect\u0103m prin cookie-uri pentru a ne \u00eendeplini interesele legitime oferind reclame vizate. C\u00e2nd este necesar, vom ob\u0163ine mai \u00eent\u00e2i consim\u021b\u0103m\u00e2ntul \u015fi dup\u0103 aceea vom plasa cookie-uri \u00een acest scop. Dac\u0103 ne da\u0163i consim\u0163\u0103m\u00e2ntul, vi-l pute\u0163i retrage oric\u00e2nd. \u00cen plus, pute\u0163i oric\u00e2nd s\u0103 obiecta\u0163i fa\u0163\u0103 de procesarea de c\u0103tre noi a datelor dumneavoastr\u0103 personale \u00een scopuri publicitare.<\/li>\n<li>Studii de pia\u0163\u0103: folosim informa\u0163iile pe care le colect\u0103m prin cookie-uri pentru a ne \u00eendeplini interesele legitime de a ne implica \u00een studii de pia\u0163\u0103 (cum ar fi analiza segment\u0103rii \u015fi tendin\u0163elor pe pia\u0163\u0103, a preferin\u0163elor \u015fi a comportamentelor, cercetare de produse sau servicii sau eficien\u0163a marketingului sau a publicit\u0103\u0163ii) sau dezvoltarea de produs (cum ar fi analizarea caracteristicilor unui segment de pia\u0163\u0103 sau a unui grup de clien\u0163i sau a performan\u0163elor website-ului nostru, pentru a-l \u00eembun\u0103t\u0103\u0163i).<\/li>\n<\/ul>\n<p>Dac\u0103 vre\u0163i s\u0103 renun\u0163a\u0163i la folosirea cookie-urilor descrise \u00een aceast\u0103 sec\u0163iune \u015fi niciun mecanism de renun\u0163are nu v\u0103 este disponibil \u00een mod direct (de exemplu \u00een set\u0103rile browserului), v\u0103 rug\u0103m s\u0103 ne contacta\u0163i la adresa: contact@sab-rezidence.ro<\/p>\n<p><strong>Partajarea de date<\/strong><\/p>\n<ul>\n<li><u>Partajarea cu ter\u0163e p\u0103r\u0163i:<\/u>Partaj\u0103m datele dumneavoastr\u0103 personale cu ter\u0163e p\u0103r\u0163i conform legii \u015fi dup\u0103 cum este descris mai jos. Ter\u0163ele p\u0103r\u0163i pot fi furnizori de servicii care ac\u0163ioneaz\u0103 \u00een numele nostru. Nu vindem \u015fi nu d\u0103m spre \u00eenchiriere datele dumneavoastr\u0103 personale.<\/li>\n<li><u>Autorit\u0103\u021bi competente<\/u>: Dezv\u0103luim informa\u021bii personale autorit\u0103\u021bilor responsabile cu aplicarea legii \u0219i altor autorit\u0103\u021bi guvernamentale, \u00een m\u0103sura \u00een care acest lucru este impus de lege sau este strict necesar pentru prevenirea, descoperirea sau urm\u0103rirea penal\u0103 a actelor criminale \u0219i a fraudei.<\/li>\n<\/ul>\n<p><strong>Reten\u0163ia datelor<\/strong><\/p>\n<p>Exist\u0103 o diferen\u0163\u0103 \u00eentre cookie-uri de sesiune \u015fi cookie-uri permanente. Cookie-urile de sesiune exist\u0103 doar p\u00e2n\u0103 c\u00e2nd \u00eenchide\u0163i browserul. Cookie-urile permanente nu sunt \u015fterse automat dup\u0103 ce v\u0103 \u00eenchide\u0163i browserul. Cookie-urile permanente au o durat\u0103 de via\u0163\u0103 mai lung\u0103 \u015fi nu sunt \u015fterse automat dup\u0103 ce v\u0103 \u00eenchide\u0163i browserul. Ne str\u0103duim s\u0103 v\u0103 livr\u0103m sau s\u0103 permitem livrarea de cookie-uri cu o durat\u0103 de via\u0163\u0103 de maximum 5 ani. Numai \u00een circumstan\u0163e excep\u0163ionale, cum ar fi \u00een scopuri de securitate (precum detectarea de fraude) \u015fi c\u00e2nd este absolut necesar, un cookie va avea o durat\u0103 de via\u0163\u0103 mai lung\u0103. Dac\u0103 ave\u0163i \u00eentreb\u0103ri despre perioade specifice de reten\u0163ie, v\u0103 rug\u0103m s\u0103 ne contacta\u0163i folosind informa\u0163iile de mai jos.<\/p>\n<p><strong>\u00centreb\u0103ri sau reclama\u0163ii<\/strong><\/p>\n<p>Dac\u0103 ave\u0163i \u00eentreb\u0103ri sau sunte\u0163i \u00eengrijorat \u00een leg\u0103tur\u0103 cu procesarea de c\u0103tre noi a datelor dumneavoastr\u0103 personale sau dac\u0103 dori\u0163i s\u0103 v\u0103 exercita\u0163i oricare dintre drepturile pe care le ave\u0163i \u00een conformitate cu aceast\u0103 notificare, ne pute\u0163i contacta prin:<strong> S.C. SABCONS TOTAL S.R.L. <\/strong>Pute\u0163i , de asemenea ,\u00a0 s\u0103 contacta\u0163i autorit\u0103\u0163ile responsabile cu protec\u0163ia datelor, dac\u0103 ave\u0163i \u00eentreb\u0103ri sau reclama<\/p>\n","protected":false},"excerpt":{"rendered":"<p>POLITICA DE COOKIE-URI Aceast\u0103 notificare pentru cookie-uri se aplic\u0103 la rebel-electro.ro, de\u0163inut \u015fi operat de\u00a0\u00a0S.C. SABCONS TOTAL S.R.L. \u015fi descrie cum folosim datele personale colectate prin cookie-uri \u015fi alte tehnici care includ pixeli (\u2018Cookie\u2019) pe website-ul nostru\u00a0 \u00a0https:\/\/www.sab-residence.ro \/ https:\/\/www.sab-rezidence.ro \u00a0(\u2018Site\u2019). C\u00e2nd intra\u0163i pe Site sau vede\u0163i una din reclamele noastre care v\u0103 vizeaz\u0103, colect\u0103m [&hellip;]<\/p>\n","protected":false},"author":2,"featured_media":0,"parent":0,"menu_order":0,"comment_status":"closed","ping_status":"closed","template":"","meta":{"footnotes":""},"class_list":["post-230","page","type-page","status-publish","hentry"],"yoast_head":"<!-- This site is optimized with the Yoast SEO plugin v22.4 - https:\/\/yoast.com\/wordpress\/plugins\/seo\/ -->\n<title>Politica de cookies - SAB RESIDENCE FOCSANI<\/title>\n<meta name=\"robots\" content=\"index, follow, max-snippet:-1, max-image-preview:large, max-video-preview:-1\" \/>\n<link rel=\"canonical\" href=\"https:\/\/sab-rezidence.ro\/index.php\/politica-de-cookies\/\" \/>\n<meta property=\"og:locale\" content=\"ro_RO\" \/>\n<meta property=\"og:type\" content=\"article\" \/>\n<meta property=\"og:title\" content=\"Politica de cookies - SAB RESIDENCE FOCSANI\" \/>\n<meta property=\"og:description\" content=\"POLITICA DE COOKIE-URI Aceast\u0103 notificare pentru cookie-uri se aplic\u0103 la rebel-electro.ro, de\u0163inut \u015fi operat de\u00a0\u00a0S.C. SABCONS TOTAL S.R.L. \u015fi descrie cum folosim datele personale colectate prin cookie-uri \u015fi alte tehnici care includ pixeli (\u2018Cookie\u2019) pe website-ul nostru\u00a0 \u00a0https:\/\/www.sab-residence.ro \/ https:\/\/www.sab-rezidence.ro \u00a0(\u2018Site\u2019). C\u00e2nd intra\u0163i pe Site sau vede\u0163i una din reclamele noastre care v\u0103 vizeaz\u0103, colect\u0103m [&hellip;]\" \/>\n<meta property=\"og:url\" content=\"https:\/\/sab-rezidence.ro\/index.php\/politica-de-cookies\/\" \/>\n<meta property=\"og:site_name\" content=\"SAB RESIDENCE FOCSANI\" \/>\n<meta property=\"article:modified_time\" content=\"2022-04-19T09:09:53+00:00\" \/>\n<meta name=\"twitter:card\" content=\"summary_large_image\" \/>\n<meta name=\"twitter:label1\" content=\"Timp estimat pentru citire\" \/>\n\t<meta name=\"twitter:data1\" content=\"5 minute\" \/>\n<script type=\"application\/ld+json\" class=\"yoast-schema-graph\">{\"@context\":\"https:\/\/schema.org\",\"@graph\":[{\"@type\":\"WebPage\",\"@id\":\"https:\/\/sab-rezidence.ro\/index.php\/politica-de-cookies\/\",\"url\":\"https:\/\/sab-rezidence.ro\/index.php\/politica-de-cookies\/\",\"name\":\"Politica de cookies - SAB RESIDENCE FOCSANI\",\"isPartOf\":{\"@id\":\"https:\/\/sab-rezidence.ro\/#website\"},\"datePublished\":\"2022-04-19T09:09:05+00:00\",\"dateModified\":\"2022-04-19T09:09:53+00:00\",\"breadcrumb\":{\"@id\":\"https:\/\/sab-rezidence.ro\/index.php\/politica-de-cookies\/#breadcrumb\"},\"inLanguage\":\"ro-RO\",\"potentialAction\":[{\"@type\":\"ReadAction\",\"target\":[\"https:\/\/sab-rezidence.ro\/index.php\/politica-de-cookies\/\"]}]},{\"@type\":\"BreadcrumbList\",\"@id\":\"https:\/\/sab-rezidence.ro\/index.php\/politica-de-cookies\/#breadcrumb\",\"itemListElement\":[{\"@type\":\"ListItem\",\"position\":1,\"name\":\"Prima pagin\u0103\",\"item\":\"https:\/\/sab-rezidence.ro\/index.php\/home\/\"},{\"@type\":\"ListItem\",\"position\":2,\"name\":\"Politica de cookies\"}]},{\"@type\":\"WebSite\",\"@id\":\"https:\/\/sab-rezidence.ro\/#website\",\"url\":\"https:\/\/sab-rezidence.ro\/\",\"name\":\"SAB RESIDENCE FOCSANI\",\"description\":\"ANSAMBLU REZIDENTIAL DE VILE DE LUX IN FOCSANI\",\"publisher\":{\"@id\":\"https:\/\/sab-rezidence.ro\/#organization\"},\"potentialAction\":[{\"@type\":\"SearchAction\",\"target\":{\"@type\":\"EntryPoint\",\"urlTemplate\":\"https:\/\/sab-rezidence.ro\/?s={search_term_string}\"},\"query-input\":\"required name=search_term_string\"}],\"inLanguage\":\"ro-RO\"},{\"@type\":\"Organization\",\"@id\":\"https:\/\/sab-rezidence.ro\/#organization\",\"name\":\"SAB RESIDENCE - ANSAMBLU REZIDENTIAL DE LUX IN FOCSANI\",\"url\":\"https:\/\/sab-rezidence.ro\/\",\"logo\":{\"@type\":\"ImageObject\",\"inLanguage\":\"ro-RO\",\"@id\":\"https:\/\/sab-rezidence.ro\/#\/schema\/logo\/image\/\",\"url\":\"https:\/\/sab-rezidence.ro\/wp-content\/uploads\/2022\/04\/1.png\",\"contentUrl\":\"https:\/\/sab-rezidence.ro\/wp-content\/uploads\/2022\/04\/1.png\",\"width\":500,\"height\":500,\"caption\":\"SAB RESIDENCE - ANSAMBLU REZIDENTIAL DE LUX IN FOCSANI\"},\"image\":{\"@id\":\"https:\/\/sab-rezidence.ro\/#\/schema\/logo\/image\/\"}}]}<\/script>\n<!-- \/ Yoast SEO plugin. -->","yoast_head_json":{"title":"Politica de cookies - SAB RESIDENCE FOCSANI","robots":{"index":"index","follow":"follow","max-snippet":"max-snippet:-1","max-image-preview":"max-image-preview:large","max-video-preview":"max-video-preview:-1"},"canonical":"https:\/\/sab-rezidence.ro\/index.php\/politica-de-cookies\/","og_locale":"ro_RO","og_type":"article","og_title":"Politica de cookies - SAB RESIDENCE FOCSANI","og_description":"POLITICA DE COOKIE-URI Aceast\u0103 notificare pentru cookie-uri se aplic\u0103 la rebel-electro.ro, de\u0163inut \u015fi operat de\u00a0\u00a0S.C. SABCONS TOTAL S.R.L. \u015fi descrie cum folosim datele personale colectate prin cookie-uri \u015fi alte tehnici care includ pixeli (\u2018Cookie\u2019) pe website-ul nostru\u00a0 \u00a0https:\/\/www.sab-residence.ro \/ https:\/\/www.sab-rezidence.ro \u00a0(\u2018Site\u2019). C\u00e2nd intra\u0163i pe Site sau vede\u0163i una din reclamele noastre care v\u0103 vizeaz\u0103, colect\u0103m [&hellip;]","og_url":"https:\/\/sab-rezidence.ro\/index.php\/politica-de-cookies\/","og_site_name":"SAB RESIDENCE FOCSANI","article_modified_time":"2022-04-19T09:09:53+00:00","twitter_card":"summary_large_image","twitter_misc":{"Timp estimat pentru citire":"5 minute"},"schema":{"@context":"https:\/\/schema.org","@graph":[{"@type":"WebPage","@id":"https:\/\/sab-rezidence.ro\/index.php\/politica-de-cookies\/","url":"https:\/\/sab-rezidence.ro\/index.php\/politica-de-cookies\/","name":"Politica de cookies - SAB RESIDENCE FOCSANI","isPartOf":{"@id":"https:\/\/sab-rezidence.ro\/#website"},"datePublished":"2022-04-19T09:09:05+00:00","dateModified":"2022-04-19T09:09:53+00:00","breadcrumb":{"@id":"https:\/\/sab-rezidence.ro\/index.php\/politica-de-cookies\/#breadcrumb"},"inLanguage":"ro-RO","potentialAction":[{"@type":"ReadAction","target":["https:\/\/sab-rezidence.ro\/index.php\/politica-de-cookies\/"]}]},{"@type":"BreadcrumbList","@id":"https:\/\/sab-rezidence.ro\/index.php\/politica-de-cookies\/#breadcrumb","itemListElement":[{"@type":"ListItem","position":1,"name":"Prima pagin\u0103","item":"https:\/\/sab-rezidence.ro\/index.php\/home\/"},{"@type":"ListItem","position":2,"name":"Politica de cookies"}]},{"@type":"WebSite","@id":"https:\/\/sab-rezidence.ro\/#website","url":"https:\/\/sab-rezidence.ro\/","name":"SAB RESIDENCE FOCSANI","description":"ANSAMBLU REZIDENTIAL DE VILE DE LUX IN FOCSANI","publisher":{"@id":"https:\/\/sab-rezidence.ro\/#organization"},"potentialAction":[{"@type":"SearchAction","target":{"@type":"EntryPoint","urlTemplate":"https:\/\/sab-rezidence.ro\/?s={search_term_string}"},"query-input":"required name=search_term_string"}],"inLanguage":"ro-RO"},{"@type":"Organization","@id":"https:\/\/sab-rezidence.ro\/#organization","name":"SAB RESIDENCE - ANSAMBLU REZIDENTIAL DE LUX IN FOCSANI","url":"https:\/\/sab-rezidence.ro\/","logo":{"@type":"ImageObject","inLanguage":"ro-RO","@id":"https:\/\/sab-rezidence.ro\/#\/schema\/logo\/image\/","url":"https:\/\/sab-rezidence.ro\/wp-content\/uploads\/2022\/04\/1.png","contentUrl":"https:\/\/sab-rezidence.ro\/wp-content\/uploads\/2022\/04\/1.png","width":500,"height":500,"caption":"SAB RESIDENCE - ANSAMBLU REZIDENTIAL DE LUX IN FOCSANI"},"image":{"@id":"https:\/\/sab-rezidence.ro\/#\/schema\/logo\/image\/"}}]}},"_links":{"self":[{"href":"https:\/\/sab-rezidence.ro\/index.php\/wp-json\/wp\/v2\/pages\/230","targetHints":{"allow":["GET"]}}],"collection":[{"href":"https:\/\/sab-rezidence.ro\/index.php\/wp-json\/wp\/v2\/pages"}],"about":[{"href":"https:\/\/sab-rezidence.ro\/index.php\/wp-json\/wp\/v2\/types\/page"}],"author":[{"embeddable":true,"href":"https:\/\/sab-rezidence.ro\/index.php\/wp-json\/wp\/v2\/users\/2"}],"replies":[{"embeddable":true,"href":"https:\/\/sab-rezidence.ro\/index.php\/wp-json\/wp\/v2\/comments?post=230"}],"version-history":[{"count":2,"href":"https:\/\/sab-rezidence.ro\/index.php\/wp-json\/wp\/v2\/pages\/230\/revisions"}],"predecessor-version":[{"id":232,"href":"https:\/\/sab-rezidence.ro\/index.php\/wp-json\/wp\/v2\/pages\/230\/revisions\/232"}],"wp:attachment":[{"href":"https:\/\/sab-rezidence.ro\/index.php\/wp-json\/wp\/v2\/media?parent=230"}],"curies":[{"name":"wp","href":"https:\/\/api.w.org\/{rel}","templated":true}]}}